e highest common divisor of 20289 and 39.
3
What is the highest common factor of 4884 and 24124?
148
What is the greatest common factor of 143 and 5291?
143
Calculate the greatest common divisor of 85712 and 1375.
11
What is the highest common factor of 164 and 178842?
82
Calculate the highest common factor of 769796 and 4315.
863
Calculate the greatest common factor of 236392 and 520.
104
What is the highest common factor of 41000 and 520?
40
What is the highest common factor of 515 and 545?
5
Calculate the highest common divisor of 139972 and 28.
28
What is the highest common factor of 68 and 2567?
17
Calculate the greatest common divisor of 1245 and 624160.
415
Calculate the highest common factor of 90 and 955665.
45
What is the highest common divisor of 9750 and 546?
78
What is the greatest common factor of 140 and 14798?
14
Calculate the highest common divisor of 395376 and 48.
48
Calculate the greatest common divisor of 3762 and 3078.
342
Calculate the greatest common factor of 473 and 29579.
11
Calculate the greatest common divisor of 42 and 7614866.
14
Calculate the highest common divisor of 970 and 1140.
10
Calculate the highest common factor of 490433 and 68.
17
What is the greatest common divisor of 20 and 640?
20
Calculate the highest common factor of 418 and 27918.
22
What is the greatest common divisor of 672211 and 268?
67
Calculate the highest common divisor of 41217 and 3201.
33
What is the greatest common factor of 7150 and 14560?
130
Calculate the greatest common factor of 27713 and 44191.
749
What is the greatest common divisor of 222495 and 195?
195
What is the greatest common divisor of 83 and 13733512?
83
What is the highest common factor of 53519 and 109?
109
Calculate the highest common divisor of 48 and 945144.
24
What is the greatest common divisor of 4662 and 315?
63
What is the highest common divisor of 1079789 and 323?
323
Calculate the greatest common divisor of 115904 and 288.
32
What is the highest common factor of 27 and 13653?
9
What is the highest common factor of 1238 and 34?
2
Calculate the greatest common divisor of 3920 and 18520.
40
Calculate the highest common factor of 8134 and 196.
98
What is the highest common factor of 88 and 592680?
88
What is the highest common factor of 22 and 1472?
2
Calculate the greatest common factor of 3590 and 272122.
718
What is the greatest common factor of 2400101 and 22?
11
What is the highest common divisor of 10697 and 12949?
563
Calculate the highest common factor of 90440 and 36890.
1190
Calculate the highest common factor of 50280 and 5.
5
Calculate the highest common factor of 6765 and 21945.
165
What is the highest common divisor of 717 and 15530937?
717
What is the greatest common divisor of 30225 and 186225?
975
Calculate the highest common divisor of 19758 and 890.
178
What is the greatest common factor of 3 and 27609?
3
What is the highest common factor of 6119 and 2743?
211
What is the greatest common divisor of 28 and 662788?
28
What is the greatest common factor of 6921 and 243?
9
Calculate the highest common divisor of 1590432 and 3.
3
What is the highest common factor of 2120 and 64920?
40
What is the highest common factor of 79084 and 68?
68
What is the greatest common divisor of 44 and 437701?
11
Calculate the highest common divisor of 2049 and 3.
3
What is the greatest common divisor of 27 and 1077?
3
What is the highest common factor of 50 and 198350?
50
What is the greatest common divisor of 174275 and 50?
25
What is the greatest common factor of 37468 and 174?
58
What is the greatest common divisor of 3797162 and 5106?
1702
What is the highest common factor of 513612 and 396?
396
Calculate the highest common factor of 360 and 43840.
40
Calculate the greatest common factor of 1773 and 23246.
197
Calculate the highest common factor of 115482 and 114.
114
What is the highest common divisor of 693 and 1176?
21
What is the greatest common factor of 30926 and 14?
14
What is the greatest common divisor of 207300 and 75?
75
Calculate the greatest common factor of 29 and 416614.
29
Calculate the highest common divisor of 8766 and 111523.
487
What is the greatest common divisor of 177 and 4366?
59
Calculate the greatest common factor of 52300 and 100.
100
Calculate the greatest common divisor of 289 and 2363.
17
What is the greatest common factor of 211 and 13?
1
Calculate the highest common divisor of 24 and 9200.
8
Calculate the highest common factor of 58107 and 6.
3
Calculate the greatest common divisor of 924349 and 4155.
277
What is the greatest common divisor of 671 and 28490?
11
Calculate the greatest common divisor of 3039 and 6.
3
What is the greatest common factor of 56 and 23590?
14
Calculate the highest common factor of 828594 and 1170.
234
Calculate the greatest common factor of 34224 and 561936.
1104
Calculate the greatest common factor of 34 and 336311.
17
Calculate the highest common divisor of 6958478 and 158.
158
What is the greatest common factor of 116231 and 141?
47
What is the highest common divisor of 132 and 80718?
66
What is the greatest common factor of 6 and 59889?
3
What is the highest common divisor of 59319 and 351?
351
What is the highest common factor of 88479 and 203?
29
What is the highest common divisor of 639189 and 22752?
711
What is the highest common factor of 33760 and 14752?
32
Calculate the highest common divisor of 11 and 46211.
11
What is the greatest common factor of 47 and 84083?
47
Calculate the highest common divisor of 2097107 and 356.
89
Calculate the highest common factor of 4050777 and 51.
51
Calculate the highest common divisor of 9078 and 15486.
534
What is the greatest common factor of 8550 and 5370?
30
Calculate the greatest common factor of 3220 and 266420.
140
What is the highest common divisor of 3626 and 121226?
98
Calculate the highest common factor of 36 and 1984158.
18
What is the greatest common divisor of 3635445 and 1815?
1815
What is the highest common factor of 408 and 87210?
102
Calculate the greatest common divisor of 231 and 20647.
11
Calculate the greatest common factor of 342292 and 332.
332
Calculate the highest common factor of 7383796 and 14.
14
What is the highest common factor of 556 and 181534?
278
What is the greatest common divisor of 435 and 8439?
87
Calculate the highest common factor of 40 and 77615.
5
What is the highest common factor of 24156 and 66924?
396
Calculate the greatest common divisor of 12005 and 25.
5
Calculate the greatest common factor of 1588 and 11513.
397
What is the greatest common divisor of 15948 and 2502?
18
Calculate the highest common factor of 14893 and 5339.
281
Calculate the highest common factor of 17699 and 11.
11
What is the greatest common factor of 36963 and 127872?
999
Calculate the greatest common factor of 17205 and 279.
93
Calculate the highest common factor of 1164 and 481508.
388
What is the highest common factor of 15742 and 33336?
926
What is the greatest common factor of 168 and 384216?
168
Calculate the highest common divisor of 5832 and 2016.
72
Calculate the greatest common factor of 1951 and 2.
1
What is the greatest common divisor of 2250 and 156600?
450
Calculate the greatest common factor of 176 and 498448.
16
Calculate the greatest common divisor of 49566 and 6.
6
Calculate the greatest common divisor of 2508 and 342.
114
Calculate the highest common divisor of 49112 and 826.
14
What is the highest common divisor of 608 and 14240?
32
Calculate the greatest common divisor of 12 and 90084.
12
What is the greatest common factor of 18 and 670005?
9
Calculate the greatest common factor of 689 and 3718.
13
Calculate the greatest common divisor of 1386 and 6083.
77
Calculate the highest common divisor of 336 and 126532.
28
Calculate the greatest common factor of 4110 and 5430.
30
Calculate the greatest common divisor of 4 and 466224.
4
Calculate the greatest common factor of 1465 and 7032.
293
Calculate the highest common divisor of 1311 and 1150621.
437
What is the highest common factor of 117 and 149643?
117
Calculate the highest common factor of 475296 and 1536.
96
What is the highest common factor of 4 and 51366?
2
Calculate the highest common factor of 1248 and 53508.
156
What is the greatest common divisor of 10791 and 8